0)/((-2)/30)?
1
Let u = 24 + 4. What is the units digit of u?
8
What is the units digit of (0 - (-9)/(-12))*-4?
3
Let h(c) = -22*c + 8. What is the hundreds digit of h(-11)?
2
Let q = -8 + -13. Let b = 48 + -16. Let c = b + q. What is the units digit of c?
1
Suppose 4*r + 0*r = 5*p - 100, 14 = p - 2*r. What is the units digit of p?
4
Let t(m) = 7*m**2 - m. Let o be t(1). Suppose -3*z + o = -114. What is the tens digit of ((-9)/(-6))/(6/z)?
1
Let u(q) = 2 - 15*q + 14*q - 2. What is the units digit of u(-9)?
9
Let j = 65 - 35. What is the tens digit of j?
3
Let b = 119 - 19. What is the hundreds digit of b?
1
Suppose 9*m - 1068 = 714. What is the hundreds digit of m?
1
Let l = 5 - 5. Suppose l = -g - 4*r + 4 + 25, -3*g = 2*r - 87. What is the units digit of g?
9
Let h be (3/(-2))/(6/(-16)). Let a = h + -3. What is the units digit of (a/3)/((-1)/(-9))?
3
Suppose 0 = 2*k + 5*l - 50, -4*k + 2*l - 62 = -6*k. Suppose 5*i - 35 = k. What is the units digit of i?
4
Let c = -5 - -11. Suppose 3*x + x = 12. Suppose x*r + c*y - 29 = y, r - 5 = -4*y. What is the tens digit of r?
1
Let v = 143 + -62. What is the units digit of v?
1
Let w = -47 - -32. Let v = w - -7. Let h = -5 - v. What is the units digit of h?
3
Let o(u) = 2*u**2 + 2*u + 1. Let d be o(-4). Suppose -17 = -4*v - 2*n + d, -5*n + 25 = 0. What is the units digit of v?
8
Let w be ((-4)/(-6) - 2)*3. Let o be w/(-14) - 66/(-14). Suppose 3*d - 22 = -0*d - 4*x, -2*d = -o*x - 53. What is the units digit of d?
4
Suppose -2*v + 152 = 2*j, 4*v = -5*j + 3*j + 144. What is the tens digit of j?
8
Let s(u) = u**2 - u + 4. Let w(d) = d**2 - 1. Let v be w(0). Let c(k) = -5*k - 1. Let g be c(v). What is the tens digit of s(g)?
1
What is the tens digit of 561/13 - (-2)/(-13)?
4
Let k(j) = -5*j - 7. Let x be k(-5). Suppose -o - x = -3*o. What is the units digit of o?
9
Let a = 1 - 0. Let i be -5*a/(5/(-4)). Suppose 2*r + 24 = i*u - 24, -22 = -u - 2*r. What is the tens digit of u?
1
Suppose 0 = -2*i + 6, -3*a + 12 = -2*i + i. Suppose -5*p - 31 = -d, 0 = -a*p + p - 12. What is the tens digit of d?
1
Let p(y) = 7*y - 26. What is the units digit of p(12)?
8
What is the tens digit of 63*(-4 + (-228)/(-54))?
1
Let x be -1 + (0 - -2)/(-1). Let l = x + 5. Let w(a) = 2*a**2 - 2*a + 2. What is the units digit of w(l)?
6
Suppose -3*l = -5*v + 354, -2*v - 4*l = -5*v + 219. What is the tens digit of v?
6
Suppose 4*x + 90 = -3*w, 0*x - 4*x = 2*w + 60. Let n = -12 - w. What is the units digit of n?
8
Suppose -7*v + 209 + 78 = 0. What is the units digit of v?
1
Let p = 359 - 252. What is the tens digit of p?
0
Let b(m) = -m**2 + 2*m**2 - 6*m + 3 + 3*m**2 - 3*m**2. Let s be b(6). What is the units digit of (-31)/(-3) + 2/s?
1
Suppose 0 = 3*o + 2*k - 169, 0 = -5*o - 3*k + 206 + 77. What is the tens digit of o?
5
Let a(y) = y**2 + 12*y - 1. Suppose 0 = -4*b - 3*j - 40, 4*b = -b - 3*j - 53. What is the tens digit of a(b)?
1
Suppose 0 = z + 3*r - 547, -r + 4*r = 5*z - 2753. What is the units digit of ((-4)/10)/((-5)/z)?
4
Let j(m) = 19*m. Let b be j(1). Let l = 11 - 20. Let i = l + b. What is the tens digit of i?
1
Suppose 3*g + 2*g - 45 = 0. Suppose -5*m = -61 - g. Suppose -2*f + m = d, -3*f - d + 26 = f. What is the units digit of f?
6
Let r(c) = 3*c**2 + 16*c + 2. Let s(y) = 6*y**2 + 33*y + 5. Let k(o) = 9*r(o) - 4*s(o). What is the units digit of k(-5)?
3
Let v = 18 + -13. Let o = v - 3. Suppose 4*w - 5*a + 3*a = o, -15 = -3*a. What is the units digit of w?
3
Let s = -5 + 10. What is the units digit of s?
5
Suppose 2*m = 3*m - 2, 3*f - 38 = 2*m. Suppose 0 = f*u - 18*u + 64. What is the tens digit of u?
1
Let x be 0/(0/3 + -1). Suppose x = 2*f - 15 - 15. Let t = f + -10. What is the units digit of t?
5
Let z = -221 - -407. What is the hundreds digit of z?
1
Suppose 0 = -2*k + 5*l, -l = 3*k + 2*l. Suppose 3*d + 2*d + 3*q - 125 = k, d - 7 = 3*q. What is the tens digit of d?
2
What is the units digit of (-638)/(-77) + (-4)/14?
8
Suppose 0 = 5*y - 48 + 8. Suppose y*f - 4*f = 88. What is the tens digit of f?
2
Let q be (-14)/(-2)*30/35. Suppose -8*k + 24 = -q*k. What is the units digit of k?
2
Suppose 0 = 2*v + v + 12. Let s = 9 + v. Suppose 2*q + s*l + 43 = 4*q, q = -3*l - 6. What is the units digit of q?
9
Let a = -66 + 108. What is the tens digit of a?
4
Let s(u) = 9*u**2 - u - 1. What is the tens digit of s(4)?
3
Suppose 30 = 5*c - 5*g, 0 = 2*g + 2*g + 8. Let t(i) = -i**3 + 5*i**2 - i - 2. Let x be t(c). Suppose -d - x = -2*d. What is the tens digit of d?
1
Let t = 6 + -9. Let v(u) = 2*u**2 + u + 1. What is the tens digit of v(t)?
1
Suppose -3*w = -7 - 5. Suppose -5*t + 195 = 4*b, w*t = -4*b + 2*b + 96. Suppose 6*c = c + b. What is the tens digit of c?
1
Let f(w) = -2*w + 5. Let s be f(4). Let z = 1 - s. What is the units digit of z?
4
Suppose 2 = -l + 2*l. Suppose 36 = 5*f - l*f. What is the tens digit of f?
1
Let t be (40/12)/((-2)/(-3)). Suppose 3*x - t = -i, -2*i - 2 = 5*x - 10. Suppose s - 6 = -x. What is the units digit of s?
4
Suppose 123 = 3*t - 240. What is the tens digit of t?
2
Let r be (-1)/(-2) - 5/(-2). Let h(i) = 6*i - 11. Let m be h(5). Suppose u = 3*p + 3, -r = 2*u - p - m. What is the units digit of u?
9
Let o(f) = -f**2 + 23*f + 50. What is the tens digit of o(24)?
2
What is the units digit of (52/(-6))/((-1)/(21/7))?
6
Suppose 3*v - 11 = g, -5*g - 10 = -5*v + 5. What is the units digit of 1 - v/(-4*1)?
2
Let o(v) = 7*v + 19. Let n(t) = 4*t + 10. Let a be (-8)/4 + (4 - -1). Let r(p) = a*o(p) - 5*n(p). What is the units digit of r(8)?
5
Let h be -3 - 70/(5 + -3). What is the tens digit of (h/(-4))/((-2)/(-4))?
1
Let z = 53 + -35. What is the tens digit of z?
1
Let t(p) = -p**3 + 5*p**2 + 14*p - 1. Let y(x) = -x - 1. Let m(w) = t(w) + 6*y(w). What is the units digit of m(6)?
5
What is the units digit of ((-5)/(-1) - 1)*10?
0
Let p = 430 + -59. What is the units digit of p?
1
Let p = -95 - -68. Let m = p - -43. What is the tens digit of m?
1
Let t = -2 - -6. Suppose 0 = -3*j + 8 + t. Suppose f = -3*n + 14, 3*f + 0*f + 10 = j*n. What is the units digit of f?
2
Suppose 0 = -2*v - 3*v + 3*u - 39, -5*v = -4*u + 42. Let s = v - -10. What is the units digit of s?
4
Suppose -5*v - 15 = 10. Let f(k) = -k**3 - 6*k**2 - 5*k - 2. Let o be f(v). What is the units digit of (-3 + 2)/(o/18)?
9
Suppose 5*i - 4*v = -39, 8 = -5*i - 5*v - 22. Let g = 5 - i. What is the tens digit of g?
1
Suppose 0 = v + v + 2. What is the units digit of 0 - (0/3 + v)?
1
Suppose 0 = -3*y + 435 + 90. What is the tens digit of y?
7
Let r be 2 + -1 + -2 + 2. Let n(y) = -y + 7. Let x be n(6). What is the units digit of (-2 + x)*(-7 + r)?
6
Suppose -2*g - 60 - 54 = 0. What is the units digit of g/(-9) - 4/(-6)?
7
Let t = -5 + 23. What is the tens digit of t + -2 + -3 + 2?
1
Suppose -5*x = -4*x + 2*y - 68, -327 = -5*x + 3*y. What is the tens digit of x?
6
Let y = 3 + -1. Suppose y*b = -3*b + 15. Suppose t + 4 = -5*c, -5*c = -b*t - 0*c + 28. What is the units digit of t?
6
Suppose 2*u + 3*u + 70 = 0. Let k = u + 33. What is the units digit of k?
9
Let r = -3 - -1. Let a be 0 + 12/(r*1). What is the units digit of ((-20)/6)/(4/a)?
5
Let d(t) = 3*t**2 - 6*t - 3. What is the units digit of d(-4)?
9
Suppose 0*t + 59 = 4*j + 3*t, -3 = t. What is the units digit of j?
7
What is the hundreds digit of 1/2 + (-2052)/(-8) + 5?
2
Suppose 4*c - 104 = 3*u + 236, 4*u = 2*c - 160. What is the units digit of c?
8
What is the tens digit of 24/5*20/3?
3
What is the hundreds digit of (-1)/(-4) - (-18)/16*294?
3
Suppose 2*h - 4 - 6 = 0. Let l be ((-2)/6)/(h/(-60)). Suppose -r = l*r - 45. What is the units digit of r?
9
Let t(l) = 2*l**2 + 2*l + 1. Let p be t(-2). Suppose -u - 5*c + 23 = 0, 4*u + p*c - 49 = u. Suppose u = -2*r + 33. What is the tens digit of r?
1
Suppose 0 = 4*i - p - 114, 0*i + 4*p = -3*i + 95. What is the tens digit of i?
2
Let q(s) = s**2 - 6*s - 3. Let x be q(7). Suppose -j - w = -15, -2*w + 90 = x*j - 4*w. What is the units digit of j?
0
Let v = -24 + 68. What is the units digit of v?
4
Let o(n) = -4*n + 4. Let f(w) = -w - 6. Let s be f(-3). What is the units digit of o(s)?
6
Let z = -171 - -181. What is the tens digit of z?
1
What is the hundreds digit of (-16)/(-20)*435/3?
1
Let y(h) = 104*h**2 + 11*h + 22. What is the units digit of y(-2)?
6
Suppose 0